[INFO] fetching crate sbp-derive 0.1.1...
[INFO] checking sbp-derive-0.1.1 against master#af3c6e733a40e671550e0f0f5aeecaa13772ba56 for pr-74989
[INFO] extracting crate sbp-derive 0.1.1 into /workspace/builds/worker-2/source
[INFO] validating manifest of crates.io crate sbp-derive 0.1.1 on toolchain af3c6e733a40e671550e0f0f5aeecaa13772ba56
[INFO] running `Command { std: "/workspace/cargo-home/bin/cargo" "+af3c6e733a40e671550e0f0f5aeecaa13772ba56" "read-manifest" "--manifest-path" "Cargo.toml", kill_on_drop: false }`
[INFO] started tweaking crates.io crate sbp-derive 0.1.1
[INFO] finished tweaking crates.io crate sbp-derive 0.1.1
[INFO] tweaked toml for crates.io crate sbp-derive 0.1.1 written to /workspace/builds/worker-2/source/Cargo.toml
[INFO] running `Command { std: "/workspace/cargo-home/bin/cargo" "+af3c6e733a40e671550e0f0f5aeecaa13772ba56" "generate-lockfile" "--manifest-path" "Cargo.toml" "-Zno-index-update", kill_on_drop: false }`
[INFO] running `Command { std: "/workspace/cargo-home/bin/cargo" "+af3c6e733a40e671550e0f0f5aeecaa13772ba56" "fetch" "--locked" "--manifest-path" "Cargo.toml", kill_on_drop: false }`
[INFO] running `Command { std: "docker" "create" "-v" "/var/lib/crater-agent-workspace/builds/worker-2/target:/opt/rustwide/target:rw,Z" "-v" "/var/lib/crater-agent-workspace/builds/worker-2/source:/opt/rustwide/workdir:ro,Z" "-v" "/var/lib/crater-agent-workspace/cargo-home:/opt/rustwide/cargo-home:ro,Z" "-v" "/var/lib/crater-agent-workspace/rustup-home:/opt/rustwide/rustup-home:ro,Z" "-e" "SOURCE_DIR=/opt/rustwide/workdir" "-e" "CARGO_TARGET_DIR=/opt/rustwide/target" "-e" "CARGO_HOME=/opt/rustwide/cargo-home" "-e" "RUSTUP_HOME=/opt/rustwide/rustup-home" "-w" "/opt/rustwide/workdir" "-m" "1610612736" "--user" "0:0" "--network" "none" "rustops/crates-build-env@sha256:d92eaeed33fa75130ca1ee6c8a01d1ffb62bac859dfdfb3450e3e5d1c0146529" "/opt/rustwide/cargo-home/bin/cargo" "+af3c6e733a40e671550e0f0f5aeecaa13772ba56" "metadata" "--no-deps" "--format-version=1", kill_on_drop: false }`
[INFO] [stdout] 9272ee021b8b4ab6020eb307a45f4102860c07ba622fb931f98c0462b1942e69
[INFO] [stderr] WARNING: Your kernel does not support swap limit capabilities or the cgroup is not mounted. Memory limited without swap.
[INFO] running `Command { std: "docker" "start" "-a" "9272ee021b8b4ab6020eb307a45f4102860c07ba622fb931f98c0462b1942e69", kill_on_drop: false }`
[INFO] running `Command { std: "docker" "inspect" "9272ee021b8b4ab6020eb307a45f4102860c07ba622fb931f98c0462b1942e69", kill_on_drop: false }`
[INFO] running `Command { std: "docker" "rm" "-f" "9272ee021b8b4ab6020eb307a45f4102860c07ba622fb931f98c0462b1942e69", kill_on_drop: false }`
[INFO] [stdout] 9272ee021b8b4ab6020eb307a45f4102860c07ba622fb931f98c0462b1942e69
[INFO] running `Command { std: "docker" "create" "-v" "/var/lib/crater-agent-workspace/builds/worker-2/target:/opt/rustwide/target:rw,Z" "-v" "/var/lib/crater-agent-workspace/builds/worker-2/source:/opt/rustwide/workdir:ro,Z" "-v" "/var/lib/crater-agent-workspace/cargo-home:/opt/rustwide/cargo-home:ro,Z" "-v" "/var/lib/crater-agent-workspace/rustup-home:/opt/rustwide/rustup-home:ro,Z" "-e" "SOURCE_DIR=/opt/rustwide/workdir" "-e" "CARGO_TARGET_DIR=/opt/rustwide/target" "-e" "CARGO_INCREMENTAL=0" "-e" "RUST_BACKTRACE=full" "-e" "RUSTFLAGS=--cap-lints=forbid" "-e" "CARGO_HOME=/opt/rustwide/cargo-home" "-e" "RUSTUP_HOME=/opt/rustwide/rustup-home" "-w" "/opt/rustwide/workdir" "-m" "1610612736" "--user" "0:0" "--network" "none" "rustops/crates-build-env@sha256:d92eaeed33fa75130ca1ee6c8a01d1ffb62bac859dfdfb3450e3e5d1c0146529" "/opt/rustwide/cargo-home/bin/cargo" "+af3c6e733a40e671550e0f0f5aeecaa13772ba56" "check" "--frozen" "--all" "--all-targets" "--message-format=json", kill_on_drop: false }`
[INFO] [stdout] 3a26d071457f44659b7a4361e1f6a986ac757faad4272790686859ddd4a08394
[INFO] [stderr] WARNING: Your kernel does not support swap limit capabilities or the cgroup is not mounted. Memory limited without swap.
[INFO] running `Command { std: "docker" "start" "-a" "3a26d071457f44659b7a4361e1f6a986ac757faad4272790686859ddd4a08394", kill_on_drop: false }`
[INFO] [stderr]    Compiling syn v1.0.40
[INFO] [stderr]     Checking unicode-xid v0.2.1
[INFO] [stderr]     Checking proc-macro2 v1.0.21
[INFO] [stderr]     Checking quote v1.0.7
[INFO] [stderr]     Checking sbp-derive v0.1.1 (/opt/rustwide/workdir)
[INFO] [stdout] error[E0432]: unresolved import `sbp`
[INFO] [stdout]  --> tests/tests.rs:1:5
[INFO] [stdout]   |
[INFO] [stdout] 1 | use sbp::{Parser, Serializer, Take};
[INFO] [stdout]   |     ^^^ use of undeclared type or module `sbp`
[INFO] [stdout] 
[INFO] [stdout] 
[INFO] [stdout] error[E0433]: failed to resolve: use of undeclared type or module `sbp`
[INFO] [stdout]    --> tests/tests.rs:281:5
[INFO] [stdout]     |
[INFO] [stdout] 281 |     sbp::parsable_bitflags! {
[INFO] [stdout]     |     ^^^ use of undeclared type or module `sbp`
[INFO] [stdout] 
[INFO] [stdout] 
[INFO] [stdout] error[E0433]: failed to resolve: could not find `sbp` in `{{root}}`
[INFO] [stdout]  --> tests/tests.rs:6:5
[INFO] [stdout]   |
[INFO] [stdout] 6 |     #[sbp(parsable, serializable)]
[INFO] [stdout]   |     ^^^^^^^^^^^^^^^^^^^^^^^^^^^^^^ could not find `sbp` in `{{root}}`
[INFO] [stdout]   |
[INFO] [stdout]   = note: this error originates in an attribute macro (in Nightly builds, run with -Z macro-backtrace for more info)
[INFO] [stdout] 
[INFO] [stdout] 
[INFO] [stdout] error[E0433]: failed to resolve: use of undeclared type or module `sbp`
[INFO] [stdout]  --> tests/tests.rs:6:5
[INFO] [stdout]   |
[INFO] [stdout] 6 |     #[sbp(parsable, serializable)]
[INFO] [stdout]   |     ^^^^^^^^^^^^^^^^^^^^^^^^^^^^^^ use of undeclared type or module `sbp`
[INFO] [stdout]   |
[INFO] [stdout]   = note: this error originates in an attribute macro (in Nightly builds, run with -Z macro-backtrace for more info)
[INFO] [stdout] 
[INFO] [stdout] 
[INFO] [stdout] error[E0433]: failed to resolve: could not find `sbp` in `{{root}}`
[INFO] [stdout]   --> tests/tests.rs:54:5
[INFO] [stdout]    |
[INFO] [stdout] 54 |     #[sbp(parsable)]
[INFO] [stdout]    |     ^^^^^^^^^^^^^^^^ could not find `sbp` in `{{root}}`
[INFO] [stdout]    |
[INFO] [stdout]    = note: this error originates in an attribute macro (in Nightly builds, run with -Z macro-backtrace for more info)
[INFO] [stdout] 
[INFO] [stdout] 
[INFO] [stdout] error[E0433]: failed to resolve: use of undeclared type or module `sbp`
[INFO] [stdout]   --> tests/tests.rs:54:5
[INFO] [stdout]    |
[INFO] [stdout] 54 |     #[sbp(parsable)]
[INFO] [stdout]    |     ^^^^^^^^^^^^^^^^ use of undeclared type or module `sbp`
[INFO] [stdout]    |
[INFO] [stdout]    = note: this error originates in an attribute macro (in Nightly builds, run with -Z macro-backtrace for more info)
[INFO] [stdout] 
[INFO] [stdout] 
[INFO] [stdout] error[E0433]: failed to resolve: could not find `sbp` in `{{root}}`
[INFO] [stdout]   --> tests/tests.rs:89:5
[INFO] [stdout]    |
[INFO] [stdout] 89 |     #[sbp(parsable)]
[INFO] [stdout]    |     ^^^^^^^^^^^^^^^^ could not find `sbp` in `{{root}}`
[INFO] [stdout]    |
[INFO] [stdout]    = note: this error originates in an attribute macro (in Nightly builds, run with -Z macro-backtrace for more info)
[INFO] [stdout] 
[INFO] [stdout] 
[INFO] [stdout] error[E0433]: failed to resolve: use of undeclared type or module `sbp`
[INFO] [stdout]   --> tests/tests.rs:89:5
[INFO] [stdout]    |
[INFO] [stdout] 89 |     #[sbp(parsable)]
[INFO] [stdout]    |     ^^^^^^^^^^^^^^^^ use of undeclared type or module `sbp`
[INFO] [stdout]    |
[INFO] [stdout]    = note: this error originates in an attribute macro (in Nightly builds, run with -Z macro-backtrace for more info)
[INFO] [stdout] 
[INFO] [stdout] 
[INFO] [stdout] error[E0433]: failed to resolve: could not find `sbp` in `{{root}}`
[INFO] [stdout]    --> tests/tests.rs:173:5
[INFO] [stdout]     |
[INFO] [stdout] 173 |     #[sbp(parsable, serializable)]
[INFO] [stdout]     |     ^^^^^^^^^^^^^^^^^^^^^^^^^^^^^^ could not find `sbp` in `{{root}}`
[INFO] [stdout]     |
[INFO] [stdout]     = note: this error originates in an attribute macro (in Nightly builds, run with -Z macro-backtrace for more info)
[INFO] [stdout] 
[INFO] [stdout] 
[INFO] [stdout] error[E0433]: failed to resolve: use of undeclared type or module `sbp`
[INFO] [stdout]    --> tests/tests.rs:173:5
[INFO] [stdout]     |
[INFO] [stdout] 173 |     #[sbp(parsable, serializable)]
[INFO] [stdout]     |     ^^^^^^^^^^^^^^^^^^^^^^^^^^^^^^ use of undeclared type or module `sbp`
[INFO] [stdout]     |
[INFO] [stdout]     = note: this error originates in an attribute macro (in Nightly builds, run with -Z macro-backtrace for more info)
[INFO] [stdout] 
[INFO] [stdout] 
[INFO] [stdout] error[E0433]: failed to resolve: could not find `sbp` in `{{root}}`
[INFO] [stdout]    --> tests/tests.rs:197:5
[INFO] [stdout]     |
[INFO] [stdout] 197 |     #[sbp(parsable, serializable)]
[INFO] [stdout]     |     ^^^^^^^^^^^^^^^^^^^^^^^^^^^^^^ could not find `sbp` in `{{root}}`
[INFO] [stdout]     |
[INFO] [stdout]     = note: this error originates in an attribute macro (in Nightly builds, run with -Z macro-backtrace for more info)
[INFO] [stdout] 
[INFO] [stdout] 
[INFO] [stdout] error[E0433]: failed to resolve: use of undeclared type or module `sbp`
[INFO] [stdout]    --> tests/tests.rs:197:5
[INFO] [stdout]     |
[INFO] [stdout] 197 |     #[sbp(parsable, serializable)]
[INFO] [stdout]     |     ^^^^^^^^^^^^^^^^^^^^^^^^^^^^^^ use of undeclared type or module `sbp`
[INFO] [stdout]     |
[INFO] [stdout]     = note: this error originates in an attribute macro (in Nightly builds, run with -Z macro-backtrace for more info)
[INFO] [stdout] 
[INFO] [stdout] 
[INFO] [stdout] error[E0433]: failed to resolve: could not find `sbp` in `{{root}}`
[INFO] [stdout]    --> tests/tests.rs:288:5
[INFO] [stdout]     |
[INFO] [stdout] 288 |     #[sbp(parsable)]
[INFO] [stdout]     |     ^^^^^^^^^^^^^^^^ could not find `sbp` in `{{root}}`
[INFO] [stdout]     |
[INFO] [stdout]     = note: this error originates in an attribute macro (in Nightly builds, run with -Z macro-backtrace for more info)
[INFO] [stdout] 
[INFO] [stdout] 
[INFO] [stdout] error[E0433]: failed to resolve: use of undeclared type or module `sbp`
[INFO] [stdout]    --> tests/tests.rs:288:5
[INFO] [stdout]     |
[INFO] [stdout] 288 |     #[sbp(parsable)]
[INFO] [stdout]     |     ^^^^^^^^^^^^^^^^ use of undeclared type or module `sbp`
[INFO] [stdout]     |
[INFO] [stdout]     = note: this error originates in an attribute macro (in Nightly builds, run with -Z macro-backtrace for more info)
[INFO] [stdout] 
[INFO] [stdout] 
[INFO] [stdout] error[E0433]: failed to resolve: use of undeclared type or module `Flags`
[INFO] [stdout]    --> tests/tests.rs:307:16
[INFO] [stdout]     |
[INFO] [stdout] 307 |         flags: Flags::A | Flags::B,
[INFO] [stdout]     |                ^^^^^ use of undeclared type or module `Flags`
[INFO] [stdout] 
[INFO] [stdout] 
[INFO] [stdout] error[E0433]: failed to resolve: use of undeclared type or module `Flags`
[INFO] [stdout]    --> tests/tests.rs:307:27
[INFO] [stdout]     |
[INFO] [stdout] 307 |         flags: Flags::A | Flags::B,
[INFO] [stdout]     |                           ^^^^^ use of undeclared type or module `Flags`
[INFO] [stdout] 
[INFO] [stdout] 
[INFO] [stdout] error[E0412]: cannot find type `Flags` in this scope
[INFO] [stdout]    --> tests/tests.rs:293:16
[INFO] [stdout]     |
[INFO] [stdout] 293 |         flags: Flags,
[INFO] [stdout]     |                ^^^^^ not found in this scope
[INFO] [stdout] 
[INFO] [stdout] 
[INFO] [stdout] error: aborting due to 17 previous errors
[INFO] [stdout] 
[INFO] [stdout] 
[INFO] [stdout] Some errors have detailed explanations: E0412, E0432, E0433.
[INFO] [stdout] 
[INFO] [stdout] For more information about an error, try `rustc --explain E0412`.
[INFO] [stdout] 
[INFO] [stderr] error: could not compile `sbp-derive`.
[INFO] [stderr] 
[INFO] [stderr] To learn more, run the command again with --verbose.
[INFO] running `Command { std: "docker" "inspect" "3a26d071457f44659b7a4361e1f6a986ac757faad4272790686859ddd4a08394", kill_on_drop: false }`
[INFO] running `Command { std: "docker" "rm" "-f" "3a26d071457f44659b7a4361e1f6a986ac757faad4272790686859ddd4a08394", kill_on_drop: false }`
[INFO] [stdout] 3a26d071457f44659b7a4361e1f6a986ac757faad4272790686859ddd4a08394
